22 - (-5 - (-19 - (24 + -28)))?
12
-6 + (-10 - -4) + 39 + (8 - 30)
5
What is the value of -3 - (-10 - 16 - -27)?
-4
Evaluate 93 + (15 + -21 + -1 - -17).
103
What is -21 + (12 - 9) + -4 + 2?
-20
What is the value of 90 + 5 + (-21 - 62)?
12
What is -17 + (-12 - (-6 - 17)) - 4 - -46?
36
Calculate -7 + 22 - (12 - 4).
7
(13 - -48) + -25 + 5 + (8 - 28)
21
What is the value of (21 + 0 + 1 + -10 - 3) + (3 - 9)?
3
Evaluate -11 + 18 + -15 + 35 + 8 + 22.
57
(-4 - -125) + (-914 - -714)
-79
Calculate (2 + 88 - 3) + 526 + -565.
48
Evaluate 138 + (55 - 76) - 17.
100
What is -33 - (-39 - 4) - (2 - 5 - -2) - -61?
72
Evaluate -41 - (17 - (-10 + 7 + 24)).
-37
Calculate -7 + (-20 - (14 + (-13 - 3)) - -36).
11
Evaluate -6 + 5 + -2 - (-55 + 102 + 56).
-106
6 + (-2 - -3) + (-74 - -72) + -5 - -53
53
Evaluate (-46 - -31) + 6 - (-1 + 0 - (-1 + -7)).
-16
-3 + (-36 - 5) + 7
-37
What is 1 + -8 + (35 - (2 - -27))?
-1
17 - (-25 - -14) - (-31 - 0)
59
(1 - (-2 - 1)) + -73 + 129 + (-4 - -14)
70
What is the value of (5 + -3 - 72) + (872 - 854)?
-52
Evaluate 35 + 18 + -8 + 10.
55
67 - (3 - (13 + -11)) - ((-21 - -16) + 16)
55
Evaluate (111 - 65) + -47 + (4 - -1 - 36).
-32
Evaluate -99 + 161 - (-3 + (-1 - (-6 - 15) - 3)).
48
What is the value of -130 + 132 - (45 + (-1 + 5 - (15 - 12)))?
-44
Calculate (30 - 0) + 1 + (1 + 19 - (293 + -281)).
39
What is (11 + 6 - 3) + (16 - 16 - 86)?
-72
Calculate (3 + (24 - 28) - (-2 - 5)) + -15.
-9
What is the value of 72 - (10 + -5 + -8 + 22)?
53
(97 + -29 - -19) + (-7 + 3 - 2 - -4)
85
Calculate 21 + (63 - 22) - 82.
-20
Calculate -12 + (18 - 2) + 16 + 5 + -19.
6
Evaluate 61 + (30 - 51 - 31) + -12 + 1 + 0.
-2
Evaluate 30 - 77 - (0 - -9 - (6 + (20 - 13))).
-43
What is the value of -10788 + 10961 - (1 - -61)?
111
(-366 + 61 - -151) + 125
-29
13 - -8 - (-19 - -18) - 13
9
What is 35 - (-39 + 41 + 16 + -20)?
37
Evaluate 3 + -17 + (-11 + -1 - -32).
6
Calculate (10 - 2) + (2 - -39 - (174 + -165)).
40
Calculate -3 + 1 - (437 + -436) - 21.
-24
What is the value of -15 - (-5 - -25 - (10 + -22))?
-47
53 + -27 - 54 - 68 - -26
-70
What is the value of -40 + 9 + (16 - -20)?
5
What is the value of -5 - 0 - ((-3 - (-9 - -35)) + -21)?
45
What is the value of 18 + -57 + (21 - -47) + -28 + 2?
3
(88 - 150) + 162 - 57
43
-7 + (-2 - -1) + (58 - 75)
-25
What is the value of -219 + 174 + (14 - (3 + (5 - 3)))?
-36
What is the value of (-3 - (0 + -41 - 2)) + (-67 - (22 - 90))?
41
What is the value of 44 + -30 + 29 + -6 + -176?
-139
What is -27 - 2 - 8 - (-19 + 14 - -13)?
-45
What is 36 - (12 + -7 - -2 - (-34 - -39) - 1)?
35
What is 123 - (32 + 95 + 14)?
-18
(62 - (-6 - -12)) + -7 + -8 + (26 - 9)
58
Calculate -22 - ((-4 - -15) + -47).
14
Calculate 19 + -2 + 1 + (-42 - (-345 + 302)).
19
What is the value of 2349 + -2288 - (2 + 0 + 13)?
46
What is (-8 + 0 - -5) + (-7 - 3 - -1)?
-12
Calculate 22 + -13 + (-4 - 2 - (-1 - 6)) - -44.
54
What is -1819 - -1799 - (8 + 1 + 2)?
-31
Calculate -61 + (-10 - (15 + -12 + 9)).
-83
What is 43 + (-43 - (-71 - -14))?
57
Evaluate (2 + 10 - (18 - 12)) + (-133 - -105).
-22
What is (38 - (-8 + 11) - 87) + (2 - 15)?
-65
What is the value of -112 + 83 + 16 - (-1 + 10)?
-22
Calculate -3 - (3 + 10 + -19 - -15) - -28.
16
(1 - -20) + (-67 + 167 - 93)
28
Evaluate 120 + (0 + (59 - 48) - 22).
109
Evaluate -5 + (-58 + 10 - -77).
24
Evaluate -44 + (1 - -8 - ((-12 - -23 - 0) + 2)).
-48
Evaluate 10 + -5 - (57 + 8 + -5 + -8 + 2).
-49
24 + (15 - (-18 - -8)) - 19
30
What is -103 - -61 - -45 - 19?
-16
What is 65 - (31 + (-23 - (26 + -26)))?
57
Evaluate -55 + 4 + -37 + 47.
-41
Evaluate 14 - (-11 + (25 - 22)) - -46.
68
What is the value of 122 - (0 + -6 + 7 + -8) - 18?
111
Evaluate 14 + (-45 - -37) + -31.
-25
778 + -825 + 0 + -3
-50
Evaluate -34 + (-8 - -16 - 8) + -15 + 11.
-38
What is -2 + -6 + (1358 - 1391)?
-41
What is -12 + (2 - -1 - (20 - (15 + 12)) - 0)?
-2
What is the value of -19 + (25 - (56 - 20))?
-30
Calculate 91 + (-28 - 2) - (22 - 1).
40
What is -237 - (116 - 232) - -245?
124
-21 - (360 - 376 - (0 + 4))
-1
Evaluate 110 + (-162 - -92) + (-23 - 0).
17
Evaluate -2 + 44 + -19 + (-18 - 2) + 34 + -1.
36
-22 + -67 + (127 - -14)
52
Calculate (0 - 2) + -11 - (12 + -9) - (-10 + 3).
-9
What is 138 - 149 - (-5 - 2) - (-24 + (10 - 2))?
12
Calculate -51 - (-7 - (1 + -4 - (142 - 150))).
-39
Calculate -29 - (30 - (-44 - -99)).
-4
(-12 - (85 + -226)) + -88
41
What is the value of -117 + 0 + -195 + 276?
-36
Evaluate 14 - 53 - -43 - -3.
7
69 + -62 - (57 + 5 + -13 + 5 + 2)
-49
Evaluate -65 + (-81 - -136) + -1 + 35 + 13.
37
Calculate -21 - (40 - (29 - -15) - (10 - 1)).
-8
8 - (28 - (19 + 7)) - (1 + -29)
34
Calculate 125 - 141 - (88 - 9).
-95
-6 + 20 + 8 + -19 - -5 - 23
-15
What is -5 + (-97 + 3 - -3) + (-73 - -69)?
-100
Calculate -61 - (-3 - -2 - 15 - (15 - 16)).
-46
-39 - -37 - -5 - 11
-8
-457 + 482 - (-2 + -21)
48
Evaluate 70 + -27 + (154 - 104).
93
What is 122 + (-206 - -92) + (103 + -5 - 4)?
102
Evaluate -25 + 16 + -9 + -6 + -52.
-76
What is 1615 - 1632 - (-29 + 1)?
11
Evaluate 71 + (16 - (17 - -72)).
-2
132 + -95 + (5 - 24)
18
-46 - -75 - ((-28 - -19) + 5)
33
-10 - (-13 - (95 - (5 + (-3 - -13) + -13)))
96
Evaluate -361 - -310 - (-2 + -1 - -43).
-91
Evaluate (2 - -17) + (43 - (-39 - -59)).
42
Evaluate -36 - ((-71 - -8) + 104) - (0 + -16).
-61
Calculate (-47 - 33) + 31 + 3 + 15.
-31
Evaluate (8 - -3) + (-95 - (8 + -21)).
-71
Calculate 48 - (7 + (-11 - -7) - 8) - (16 - 19).
56
What is 40 - (-6 + (68 - 46))?
24
Evaluate 59 + 13 + 2 + -143 + 152.
83
Evaluate 6 + 26 + (-251 - -251).
32
Evaluate 28 + 18 + (-22 - 27) + -1 + 43.
39
What is the value of 31 + (-768 + 680 - (-29 - -1))?
-29
-3 + 14 + 38 + (-1 - -1) + -2
47
Calculate -9 + (34 - (-12 - -29)) + 1 + 11.
20
(7 + -16 + -10 - (110 - 115)) + -93 + 1
-106
Calculate 123 - ((166 - 29) + -97).
83
What is (8 - 1) + (11 - 16 - (6 + -2 + -2))?
0
3 + (-25 + 26 + -1 - ((2 - 6) + -97))
104
Calculate -23 + (-5 - -43) + 14.
29
Calculate -6 - -55 - (-5 + (18 - 9 - 16)).
61
Evaluate 25 + 0 + (-18 - (162 + -93)).
-62
Evaluate (5 - -3 - -4) + -3 + 154 + -149.
14
(-16 - -43) + -24 + (2 - 6 - 6)
-7
What is the value of -10 - 5 - ((-1 - -35) + -9)?
-40
What is (655 - 647) + (-1 - 2) + 1 + -1 + 123?
128
-236 + (143 - 11) - (-2 + 40)
-142
Evaluate (-1 - -45) + (-17218 - -17075).
-99
Evaluate 10 + (-71 - -53) - (-1 + -3 + -4).
0
What is the value of (-26 - 8) + 10 + 8 + -10 + 2?
-24
-27 + 24 + -76 + (-10 + 4 - 3)
-88
What is 56 - (-2 - -2 - (4 - (20 - (-7 + 15))))?
48
58 + (44 - 112) + 37
27
What is 4 + 7 + 2 - (-6 - -6 - -98)?
-85
-34 - (-141 - -58) - (2 + (2 - 0)) - 11
34
What is the value of (-178 - -188 - (-42 + -5 + (2 - 1))) + 12?
68
Evaluate (0 - -35) + (21295 - 21387).
-57
What is 21 + -14 + -8 + -13 - -65 - 12?
39
Calculate (-1 - 6 - (-22 + (-15 - -19 - -12))) + 2.
1
Calculate -45 + 2 - (-2 + 2 - (20 - 22)).
-45
-5 - (-19 - (-20 - -10) - (-25 + 5 + 4))
-12
What is -4 - (-4 - (12 + -15 + -4 + 0))?
-7
What is (-382 - -363) + (19 - (0 - 2))?
2
(46 - 24 - -2) + -48
-24
(327 - 309) + (42 - (0 + -5 + 9))
56
14 + -5 + 42 + -29
22
Evaluate -21 + (36 - 28) + -26 + 28.
-11
-20 + 31 - 36 - 14
-39
Evaluate (-184 - -225 - (-3 + 28)) + 7.
23
10 + (6 - 8) - 9 - -1 - 107
-107
What is 21 - (7 + -14 + (8 - -11))?
9
What is the value of (11 - 19) + -17 + 19 - (-11 + 3)?
2
-20 + 1 + 1 + -25
-43
What is the value of (62 - 168) + (-20 - (-5 + -3)) + 5 + 0?
-113
(11 + 28 - 77) + 59
21
Calculate -437 + (132 - -296) + (-127 - (2 + -1 - 0)).
-137
(3 + -1 - 2) + 13 + -34 + 38 + -60
-43
What is the value of (-41 - -29) + ((4 - 3) + 1 - -27) + 2?
19
What is 1 - (-4 + 0 - (-425 + 442))?
22
Evaluate -770 + 763 + (2 + 29 - -1) + -5.
20
Calculate 1559 + -1570 - (0 + (0 - 120)) - 11.
98
What is the value of -8 - (14 + -7 + (-85 - -86))?
-16
What is -113 + -45 + 31 - -27?
-100
Evaluate 52 + 3 - (-3 + 68).
-10
Evaluate (-15 - 2 - -31) + 5 - (3 + (5 - 0)).
11
Calculate 0 + (0 - -29) + (-3 - -4).
30
-10 + -24 - (-57 - -73)
-50
Evaluate (-10783 - -10753) + 64 + 0.
34
291 - (28 - -135) - 215
-87
What is -43 + -25 + 72 - (-2 + -1 - 2) - -57?
66
What is -2878 + 2779 - (-31 + 0)?
-68
What is -2 - 139 - ((205 - 82) + -160)?
-104
Calculate (-20 - -95 - 1 - ((-2 - -6) + -2)) + -1.
71
Evaluate -6 + -15 - ((-994 - -982) + 8 + 1).
-18
What is -47 - (-19 + -5 + 17 + -12)?
-28
What